Is s a composite number?
False
Let t = -5 - -7. Suppose 5*j - 25 = 0, -3393 = -4*y + 2*j + 2421. Suppose -t*i - y = -6178. Is i composite?
True
Suppose 133639 = -121*f + 132*f. Is f a composite number?
False
Suppose 0 = 3*f - 15 - 3. Let x = 2 - f. Is (-3 - x)*-571*-1 composite?
False
Let k(i) = -i**3 - 7*i**2 + 30*i - 25. Let w be k(-13). Let l = w - -642. Is l a composite number?
True
Let j = 101464 + -54927. Is j prime?
False
Let v = -1134 - -1133. Let u = 1 + -9. Is ((3 - v)/u)/(4/(-632)) a composite number?
False
Let g(v) = 3*v - 4. Let m be g(3). Suppose -3*u - 3 - 1 = -m*x, 4*u + 2 = 5*x. Suppose -8*c + 1914 = -u*c. Is c a prime number?
False
Is (-118)/177*573906/(-4) composite?
False
Is 29916 - (4 - (4 - (7 - 8))) a composite number?
False
Let z(r) = r**2 + 6*r - 3. Let q be z(8). Let a = 83 - q. Is -1 - 4778/(-4) - 39/a composite?
True
Let r = 9 - 8. Let h be 2050 - (6 + -2 - r). Suppose 4*o = -2*k + 6294, -2*k - 1085 = -2*o + h. Is o composite?
False
Let w = -789 + 320. Let z = w + 990. Is z a prime number?
True
Let x = -168 - -167. Is (214 - x)*(-12)/(300/(-305)) a composite number?
True
Let t be ((-4)/(-8))/(2/(-9496)). Let i = 3455 + t. Is i prime?
False
Is ((36938770/220)/(3/2))/((-1)/(-3)) prime?
True
Let v = 3984734 - 2041147. Is v prime?
True
Let f(p) = -4*p**2 - 2*p**2 - p - 5*p**3 + 15*p**2 - 7 + 6*p**3. Let w be f(-9). Suppose -4*x + 890 = -w*x. Is x a prime number?
False
Suppose 5*a = -3*n + 60862, -4*n + 4*a + 28754 = -52374. Suppose 0 = -5*k + n + 14451. Is k composite?
False
Let d(q) = -11*q + 61. Let u be d(4). Suppose u*b = 30*b - 69199. Is b a composite number?
False
Let d = -135 - -267. Is 2/(-11) - (-50052)/d composite?
False
Suppose -249 = -5*x - 9. Let r = x + -46. Suppose -r*z = 318 - 856. Is z prime?
True
Suppose -40 = -4*l + 40. Suppose 4*i - 5*t + 12 = 52, l = -5*t. Suppose 1677 = 3*a + 8*d - i*d, 5*a + 2*d - 2789 = 0. Is a a prime number?
True
Suppose -4*x + 2*k - 26 = 0, -5*x + 21*k = 17*k + 25. Let j(i) = -80*i - 31. Is j(x) prime?
False
Let y = 368482 - 227727. Is y composite?
True
Let n(u) = -17*u**3 + 18*u**2 + 28*u - 15. Let s(q) = 9*q**3 - 10*q**2 - 14*q + 7. Let c(i) = 6*n(i) + 11*s(i). Suppose 5*t + 24 = t. Is c(t) prime?
True
Suppose 10*x - 18380665 = 11079985. Is x a prime number?
False
Let a(j) = 120*j**3 + 2*j**2 - j + 5. Let q be a(3). Let l = 6993 - q. Is l a composite number?
False
Suppose 5*y + 5 + 9340 = 0. Let i = 997 + y. Let h = -621 - i. Is h a composite number?
False
Let z be (-93930)/(-24) - 3/4. Suppose -z - 725 = 2*x. Let v = x - -3758. Is v composite?
False
Let w be ((-5752)/24)/(2/(-18)). Suppose 5*v - 2*v = w. Suppose -v = -8*n - 223. Is n a prime number?
False
Let d = -218897 + 328530. Is d prime?
False
Let w be 3*4/(-54) + (-465124)/(-18). Suppose -51*j - w = -46*j. Is (-3 - j/12) + 4/(-6) prime?
False
Suppose 3*q - 142725 = -i + 443851, -3*i + 977620 = 5*q. Is q a composite number?
False
Let a = -495044 + 867014. Is a/24 + -8 + 1/4 prime?
False
Suppose -2*g + 20 = 2*g, -d - 21 = -3*g. Is (-40 + 4573)*(-2)/d a prime number?
True
Let u be 2 + ((-21)/9)/((-4)/24). Suppose -2*t + 3*h - 350 = 0, -5*h + h = u. Let f = 287 + t. Is f prime?
False
Let g(a) = 8*a**2 - 218*a - 37. Is g(66) composite?
True
Let x(c) = -c + 1. Let f be x(-5). Let p(q) = 535*q**3 - 4*q**2 + 12*q - 7. Let b be p(2). Suppose 12177 + b = f*d. Is d a prime number?
False
Suppose -4*z = 3*b - 1752785, 880 - 876 = -4*z. Is b composite?
True
Is -8 - (142104/(-4) - (-48)/(-16)) composite?
False
Suppose -h - 4164 = 3*m, -5*m + 2*h = -0*h + 6940. Let a = m + 2749. Is a prime?
True
Let c(h) = -237315*h - 1870. Is c(-19) a composite number?
True
Let p(u) = -765*u - 31. Let a(f) = -383*f - 17. Let g(x) = -5*a(x) + 2*p(x). Is g(4) a prime number?
False
Let a be ((-24)/72)/(-1 - (-44)/42). Let c be a/14*0*1/2. Is 497 - (c/(-5) - 2) a composite number?
False
Suppose 8*u + 56 - 16 = 0. Let m(r) = -631*r. Is m(u) composite?
True
Suppose -77*g + 10318877 + 319212 = 0. Is g a prime number?
True
Suppose 2*m - 12 = 5*y, -y + 4 = -m + 7. Is ((-2)/2 - 11265)*m/(-2) a prime number?
False
Let t be (-8)/((-160)/12)*5. Suppose -z - 2*b + 214 + 497 = 0, t*b = 6. Is z composite?
True
Let n(x) = 328*x**2 + 604*x + 7. Is n(15) composite?
True
Let w = 759 + -1074. Let t = 984 + -346. Let f = t + w. Is f prime?
False
Suppose -2*d - 68688 = -2*y, 2*d = -4*y + 71888 + 65482. Is y a prime number?
False
Let v(q) = 1112*q**2 - 44*q + 19. Is v(1) composite?
False
Let z(m) be the third derivative of -m**6/60 + m**5/20 - 7*m**4/8 + 17*m**3/6 - 142*m**2. Is z(-9) a prime number?
True
Suppose -56256588 - 403256283 = -507*z + 258840726. Is z a composite number?
False
Suppose 4*r + 2*h = 657868, -4*h + 538893 + 118959 = 4*r. Is r a prime number?
True
Let z(u) = -276*u + 194. Let w be z(-10). Let k(m) = 4364*m**2 - 1. Let b be k(1). Let c = b - w. Is c a composite number?
False
Suppose 4*r - 8795 - 817 = 0. Suppose 0*t - 4*t = 3*h + 9629, 5*h = -t - r. Let v = 3849 + t. Is v composite?
True
Suppose 0 = g - 2*v - 987 - 12910, v = -5*g + 69540. Suppose 10*b - 4103 = g. Is b prime?
True
Let a = 539914 + -376703. Is a a prime number?
True
Let t(z) = 162*z - 159*z + 82*z**3 - 4*z**2 + 1 + 3*z**2. Let k = 5 + -3. Is t(k) a composite number?
False
Let b be 22 + 0 + 4*1/(-2). Let k be (190/b)/((-873)/438 + 2). Let y = k - 544. Is y a prime number?
False
Suppose -316*q + 4242137 = -173002895. Is q a composite number?
True
Let d = -153 - -157. Suppose d*p = s - 2169, -4*s - 3*p + 10997 = 2359. Is s a prime number?
True
Let l = 706075 + -104358. Is l a composite number?
False
Suppose -126 = 9*i - 180. Is -4*9/i + 8969 a prime number?
True
Let z = 14726 + -1699. Is z a prime number?
False
Let k = 24289 + 41388. Is k a prime number?
True
Suppose 3*d - 27 = 6. Suppose d*c = -c + 13812. Is c prime?
True
Suppose 8*b - 5*b = 9. Let t be 2 + -1290 + 0 + (b - 1). Let l = 2401 + t. Is l prime?
False
Let h(i) = -569*i**2 - 10*i + 1. Let s be h(-1). Let y = s - -857. Is y a prime number?
False
Let t = 157606 + 270327. Is t a prime number?
False
Suppose -46*l = -49*l + 671265. Suppose -10*u = -25*u + l. Is u a prime number?
False
Suppose 65 = -694*x + 693*x. Let v(b) = 299*b - 1. Let r be v(-1). Let z = x - r. Is z a prime number?
False
Suppose 2*m = -5*n + 126835 + 317148, 266427 = 3*n - 5*m. Is n a prime number?
True
Let h be 7/((-1)/1)*(-1 - -179). Let c be h/6*-3 + -1. Is 0 - (c/(-6) + 8/12) prime?
True
Suppose 10*y = -3*z + 12*y + 4679, -5*z + 7803 = -y. Is z a composite number?
True
Let u = 148 + -151. Let f(h) = -21*h**3 - 5*h**2 - 12*h - 17. Is f(u) composite?
False
Let o(n) = 101*n**3 - n**2 - 52*n + 229. Is o(4) a composite number?
False
Suppose d = 0, 443712 = -9*n + 10*n + 5*d. Suppose n - 184857 = 15*s. Is s composite?
False
Suppose -5*i = -3*v - 7, -v + i + 2*i - 5 = 0. Let s(p) = -4*p**3 - 2*p**2 + 3*p - 1. Let q be s(v). Is (1353 - q) + 7 + -3 prime?
True
Suppose 1845 = 77*d - 62*d. Let n be (-114)/(-4) - 1/(-2). Suppose 8*t - n = d. Is t a prime number?
True
Let q be (11/((-55)/1515))/((-2)/4). Is ((-742)/21)/(-1 - (-602)/q) composite?
True
Let u(g) be the first derivative of -g**4 - g**3 + 3*g**2/2 + 6*g - 13. Let p be u(-2). Is (2/10)/((-8)/p)*-466 composite?
False
Suppose -3*c + 39 - 9 = 2*j, c - 5 = j. Suppose c*f + 15 = -5*h + 3*f, 0 = -h - 5*f + 9. Is (-10690)/h - (-2)/(-3) prime?
False
Let i(v) = 1363*v**2 - 103*v + 129. Is i(38) prime?
True
Let n = -64841 + 256008. Is n a composite number?
True
Let g(o) = 43370*o + 413. Is g(5) composite?
True
Let j = 23174 - 3475. Is j a composite number?
False
Let m(i) = -2*i**3 + 35*i**2 + 16*i + 36. Let s be m(18). Suppose s = -3*x - x + 2*c + 107674, 5*x + 2*c - 134615 = 0. Is x composite?
False
Is 0 - (6 - -7 - 392660) prime?
True
Suppose 10671478 = -191*q + 9683148 + 83631929. Is q a composite number?
True
Let x = -8178 + 4658. Let a = x + 5911. Is a a composite number?
True
Let d = 1535 + -1809. Let m be -142*(-1 + 10/(-4)). Let z = m + d. Is z composite?
False
Suppose -1135454 - 1934832 + 40421 = -15*o. Is o prime?
False
Let z = 2704 - 2697. Suppose -3*g - v + 3 + 0 = 0, -2*v + 6 = -4*g. Suppose g = s - z*s + 10662. Is s a composite number?
False
Let w = -23 + 18. Let u be (-2230)/1*(-18)/w. Is (u/54)/((-4